{"id":8338,"date":"2023-08-09T22:46:38","date_gmt":"2023-08-09T20:46:38","guid":{"rendered":"https:\/\/lovebiowines.com\/product\/villa-sardini-vento-dellovest-2021-igt-toscana\/"},"modified":"2023-08-09T22:46:38","modified_gmt":"2023-08-09T20:46:38","slug":"villa-sardini-vento-dellovest-2021-igt-toscana","status":"publish","type":"product","link":"https:\/\/lovebiowines.com\/fr\/produit\/villa-sardini-vento-dellovest-2021-igt-toscana\/","title":{"rendered":"Villa Sardini \u2013 Vento dell\u2019Ovest 2021\u2013 IGT Toscana"},"content":{"rendered":"<h6><span class=\"markedContent\"><span dir=\"ltr\" role=\"presentation\">VENTO DELL\u2019OVEST<\/span> <span dir=\"ltr\" role=\"presentation\">2019<\/span><\/span><\/h6>\n<h6 class=\"cvGsUA direction-ltr align-justify para-style-body\"><span class=\"OYPEnA text-decoration-none text-strikethrough-none\">APPELLATION:<\/span> <span class=\"OYPEnA text-decoration-none text-strikethrough-none\">IGT Toscana Rosso<\/span><\/h6>\n<h6 class=\"cvGsUA direction-ltr align-justify para-style-body\"><span class=\"OYPEnA text-decoration-none text-strikethrough-none\">Zone de production: Toscane &#8211; Lucques<\/span><\/h6>\n<h6 class=\"cvGsUA direction-ltr align-justify para-style-body\"><span class=\"OYPEnA text-decoration-none text-strikethrough-none\">CEPAGE: 100% Cabernet Franc<\/span><\/h6>\n<h6 class=\"cvGsUA direction-ltr align-justify para-style-body\"><span class=\"OYPEnA text-decoration-none text-strikethrough-none\">TYPE DE PRODUCTION <\/span>: <span class=\"OYPEnA text-decoration-none text-strikethrough-none\">Biologique NON Certifi\u00e9<\/span><\/h6>\n<h6 class=\"cvGsUA direction-ltr align-justify para-style-body\"><span class=\"OYPEnA text-decoration-none text-strikethrough-none\">CARACT\u00c9RISTIQUES DU VIGNOBLE : Loc. Carignano. Altitude 190 m au dessus du niveau de la mer Sol sablo-limoneux, \u00e0 r\u00e9action neutre, \u00e9quilibr\u00e9 en \u00e9l\u00e9ments min\u00e9raux, pauvre en substance organique. Densit\u00e9 de plantation environ 5 000 pieds\/ha<\/span><\/h6>\n<h6 class=\"cvGsUA direction-ltr align-justify para-style-body\"><span class=\"OYPEnA text-decoration-none text-strikethrough-none\">PRODUCTION ANNUELLE : 60 quintaux\/ha<\/span><\/h6>\n<h6 class=\"cvGsUA direction-ltr align-justify para-style-body\"><span class=\"OYPEnA text-decoration-none text-strikethrough-none\">VINIFICATION ET AFFINAGE<\/span><\/h6>\n<h6 class=\"cvGsUA direction-ltr align-justify para-style-body\"><span class=\"OYPEnA text-decoration-none text-strikethrough-none\">Egrappage-foulage, mac\u00e9ration pelliculaire entre 20 et 25 jours selon les mill\u00e9simes avec remontages p\u00e9riodiques et r\u00e9guliers du mo\u00fbt sur le marc. En plus des remplacements, certains d\u00e9lestages sont pratiqu\u00e9s. Apr\u00e8s la fermentation alcoolique et la fermentation malolactique, l&rsquo;\u00e9levage ult\u00e9rieur se d\u00e9roule en f\u00fbts de ch\u00eane fran\u00e7ais de grande capacit\u00e9 pendant 12 mois. Apr\u00e8s quelques mois en acier apr\u00e8s affinage en barrique, le vin subit une l\u00e9g\u00e8re clarification, est mis en bouteille et laiss\u00e9 reposer en bouteille pendant environ 12 mois avant sa commercialisation.<\/p>\n<p><\/span><\/h6>\n<h6 class=\"cvGsUA direction-ltr align-justify para-style-body\"><span class=\"OYPEnA text-decoration-none text-strikethrough-none\">NOTES DE D\u00c9GUSTATION<\/span><\/h6>\n<h6 class=\"cvGsUA direction-ltr align-justify para-style-body\"><span class=\"OYPEnA text-decoration-none text-strikethrough-none\">A LA VUE \u2013 Robe rouge rubis, brillante et \u00e9clatante sur le bord, elle tend \u00e0 \u00e9voluer vers des teintes rouges plus ternes avec le vieillissement en bouteille.<\/span><\/h6>\n<h6 class=\"cvGsUA direction-ltr align-justify para-style-body\"><span class=\"OYPEnA text-decoration-none text-strikethrough-none\">AU NEZ \u2013 Le parfum des petits fruits sauvages et des bois le rend tr\u00e8s agr\u00e9able au premier go\u00fbt. La groseille, la framboise et la myrtille sont imm\u00e9diatement perceptibles, de l\u00e9g\u00e8res notes v\u00e9g\u00e9tales fra\u00eeches enrichissent sa complexit\u00e9.<\/span><\/h6>\n<h6 class=\"cvGsUA direction-ltr align-justify para-style-body\"><span class=\"OYPEnA text-decoration-none text-strikethrough-none\">EN BOUCHE \u2013 Saveur s\u00e8che, avec un bon degr\u00e9 alcoolique et une bonne structure, il repr\u00e9sente au mieux les vertus du Cabernet Franc, \u00e9l\u00e9gant et raffin\u00e9, aux tanins doux et fondus.<\/p>\n<p><\/span><\/h6>\n<h6 class=\"cvGsUA direction-ltr align-justify para-style-body\"><span class=\"OYPEnA text-decoration-none text-strikethrough-none\">ACCORDS METS<\/span><\/h6>\n<h6 class=\"cvGsUA direction-ltr align-justify para-style-body\"><span class=\"OYPEnA text-decoration-none text-strikethrough-none\">Rouge sec. Il accompagne parfaitement les plats \u00e0 base de viande de la cuisine toscane et en particulier de Lucques, notamment avec les plats parfum\u00e9s aux saveurs constantes. Excellent avec des plats \u00e0 base de truffes, de c\u00e8pes et de gibier mijot\u00e9<\/span><\/h6>\n<h6 class=\"cvGsUA direction-ltr align-justify para-style-body\"><span class=\"OYPEnA text-decoration-none text-strikethrough-none\">TENEUR EN ALCOOL &#8211; TEMP\u00c9RATURE ET MODE DE SERVICE<\/span><\/h6>\n<h6 class=\"cvGsUA direction-ltr align-justify para-style-body\"><span class=\"OYPEnA text-decoration-none text-strikethrough-none\">Vol : Temp\u00e9rature : 17\u00b0-18\u00b0 D\u00e9boucher quelques heures avant consommation mais ne pas d\u00e9canter<\/span><\/h6>\n<h6 class=\"cvGsUA direction-ltr align-justify para-style-body\"><span class=\"OYPEnA text-decoration-none text-strikethrough-none\">ADDITIFS\/ALLERG\u00c8NES<\/span><\/h6>\n<h6 class=\"cvGsUA direction-ltr align-justify para-style-body\"><span class=\"OYPEnA text-decoration-none text-strikethrough-none\">Contient des sulfites<\/span><\/h6>\n<p><a href=\"https:\/\/lovebiowines.com\/wp-content\/uploads\/2024\/03\/I-Vini-di-Villa-Sardini_LOVEBIOWINES.pdf\">Les Fiches Techniques des Vins de la Villa Sardini en PDF<\/a><\/p>\n","protected":false},"excerpt":{"rendered":"<p><img loading=\"lazy\" decoding=\"async\" class=\"alignnone size-full wp-image-53\" src=\"https:\/\/lovebiowines.com\/wp-content\/uploads\/2023\/07\/fascia-italia-1-300x20-1.png\" alt=\"Produits Made in Italy\" width=\"300\" height=\"20\"><\/p>\n<h5>Vin non certifi\u00e9 bio &#8211; L&rsquo;entreprise est certifi\u00e9e bio depuis le mill\u00e9sime 2021<\/h5>\n<h5><span class=\"markedContent\"><span dir=\"ltr\" role=\"presentation\">100% Cabernet Franc<\/span><\/span><\/h5>\n<h6 class=\"cvGsUA direction-ltr align-justify para-style-body\"><a href=\"\/?p=908\">D\u00e9couvrez tous les vins de la Villa Sardini<\/a><\/h6>\n","protected":false},"featured_media":8098,"template":"","meta":{"_monsterinsights_skip_tracking":false,"_monsterinsights_sitenote_active":false,"_monsterinsights_sitenote_note":"","_monsterinsights_sitenote_category":0,"_uf_show_specific_survey":0,"_uf_disable_surveys":false},"product_brand":[],"product_cat":[513,451,496,477,479],"product_tag":[534,453,482,533,481,487],"class_list":{"0":"post-8338","1":"product","2":"type-product","3":"status-publish","4":"has-post-thumbnail","6":"product_cat-igt-toscana-rosso-fr","7":"product_cat-offres","8":"product_cat-vins-issus-de-lagriculture-bio-non-certifies","9":"product_cat-vins-rouges","10":"product_cat-zone-de-production-colline-lucchesi-versilia-rossi","11":"product_tag-cabernet-franc100-fr","12":"product_tag-colline-lucchesi-fr","13":"product_tag-qta-fr","14":"product_tag-vento-dellovest-fr","15":"product_tag-villa-sardini-fr","16":"product_tag-vinivillasardini-fr","18":"first","19":"instock","20":"taxable","21":"shipping-taxable","22":"purchasable","23":"product-type-simple"},"aioseo_notices":[],"_links":{"self":[{"href":"https:\/\/lovebiowines.com\/fr\/wp-json\/wp\/v2\/product\/8338","targetHints":{"allow":["GET"]}}],"collection":[{"href":"https:\/\/lovebiowines.com\/fr\/wp-json\/wp\/v2\/product"}],"about":[{"href":"https:\/\/lovebiowines.com\/fr\/wp-json\/wp\/v2\/types\/product"}],"version-history":[{"count":0,"href":"https:\/\/lovebiowines.com\/fr\/wp-json\/wp\/v2\/product\/8338\/revisions"}],"wp:featuredmedia":[{"embeddable":true,"href":"https:\/\/lovebiowines.com\/fr\/wp-json\/wp\/v2\/media\/8098"}],"wp:attachment":[{"href":"https:\/\/lovebiowines.com\/fr\/wp-json\/wp\/v2\/media?parent=8338"}],"wp:term":[{"taxonomy":"product_brand","embeddable":true,"href":"https:\/\/lovebiowines.com\/fr\/wp-json\/wp\/v2\/product_brand?post=8338"},{"taxonomy":"product_cat","embeddable":true,"href":"https:\/\/lovebiowines.com\/fr\/wp-json\/wp\/v2\/product_cat?post=8338"},{"taxonomy":"product_tag","embeddable":true,"href":"https:\/\/lovebiowines.com\/fr\/wp-json\/wp\/v2\/product_tag?post=8338"}],"curies":[{"name":"wp","href":"https:\/\/api.w.org\/{rel}","templated":true}]}}

<h6><span class="markedContent"><span dir="ltr" role="presentation">VENTO DELL’OVEST</span> <span dir="ltr" role="presentation">2019</span></span></h6>
<h6 class="cvGsUA direction-ltr align-justify para-style-body"><span class="OYPEnA text-decoration-none text-strikethrough-none">APPELLATION:</span> <span class="OYPEnA text-decoration-none text-strikethrough-none">IGT Toscana Rosso</span></h6>
<h6 class="cvGsUA direction-ltr align-justify para-style-body"><span class="OYPEnA text-decoration-none text-strikethrough-none">Zone de production: Toscane &#8211; Lucques</span></h6>
<h6 class="cvGsUA direction-ltr align-justify para-style-body"><span class="OYPEnA text-decoration-none text-strikethrough-none">CEPAGE: 100% Cabernet Franc</span></h6>
<h6 class="cvGsUA direction-ltr align-justify para-style-body"><span class="OYPEnA text-decoration-none text-strikethrough-none">TYPE DE PRODUCTION </span>: <span class="OYPEnA text-decoration-none text-strikethrough-none">Biologique NON Certifié</span></h6>
<h6 class="cvGsUA direction-ltr align-justify para-style-body"><span class="OYPEnA text-decoration-none text-strikethrough-none">CARACTÉRISTIQUES DU VIGNOBLE : Loc. Carignano. Altitude 190 m au dessus du niveau de la mer Sol sablo-limoneux, à réaction neutre, équilibré en éléments minéraux, pauvre en substance organique. Densité de plantation environ 5 000 pieds/ha</span></h6>
<h6 class="cvGsUA direction-ltr align-justify para-style-body"><span class="OYPEnA text-decoration-none text-strikethrough-none">PRODUCTION ANNUELLE : 60 quintaux/ha</span></h6>
<h6 class="cvGsUA direction-ltr align-justify para-style-body"><span class="OYPEnA text-decoration-none text-strikethrough-none">VINIFICATION ET AFFINAGE</span></h6>
<h6 class="cvGsUA direction-ltr align-justify para-style-body"><span class="OYPEnA text-decoration-none text-strikethrough-none">Egrappage-foulage, macération pelliculaire entre 20 et 25 jours selon les millésimes avec remontages périodiques et réguliers du moût sur le marc. En plus des remplacements, certains délestages sont pratiqués. Après la fermentation alcoolique et la fermentation malolactique, l&rsquo;élevage ultérieur se déroule en fûts de chêne français de grande capacité pendant 12 mois. Après quelques mois en acier après affinage en barrique, le vin subit une légère clarification, est mis en bouteille et laissé reposer en bouteille pendant environ 12 mois avant sa commercialisation.</p>
<p></span></h6>
<h6 class="cvGsUA direction-ltr align-justify para-style-body"><span class="OYPEnA text-decoration-none text-strikethrough-none">NOTES DE DÉGUSTATION</span></h6>
<h6 class="cvGsUA direction-ltr align-justify para-style-body"><span class="OYPEnA text-decoration-none text-strikethrough-none">A LA VUE – Robe rouge rubis, brillante et éclatante sur le bord, elle tend à évoluer vers des teintes rouges plus ternes avec le vieillissement en bouteille.</span></h6>
<h6 class="cvGsUA direction-ltr align-justify para-style-body"><span class="OYPEnA text-decoration-none text-strikethrough-none">AU NEZ – Le parfum des petits fruits sauvages et des bois le rend très agréable au premier goût. La groseille, la framboise et la myrtille sont immédiatement perceptibles, de légères notes végétales fraîches enrichissent sa complexité.</span></h6>
<h6 class="cvGsUA direction-ltr align-justify para-style-body"><span class="OYPEnA text-decoration-none text-strikethrough-none">EN BOUCHE – Saveur sèche, avec un bon degré alcoolique et une bonne structure, il représente au mieux les vertus du Cabernet Franc, élégant et raffiné, aux tanins doux et fondus.</p>
<p></span></h6>
<h6 class="cvGsUA direction-ltr align-justify para-style-body"><span class="OYPEnA text-decoration-none text-strikethrough-none">ACCORDS METS</span></h6>
<h6 class="cvGsUA direction-ltr align-justify para-style-body"><span class="OYPEnA text-decoration-none text-strikethrough-none">Rouge sec. Il accompagne parfaitement les plats à base de viande de la cuisine toscane et en particulier de Lucques, notamment avec les plats parfumés aux saveurs constantes. Excellent avec des plats à base de truffes, de cèpes et de gibier mijoté</span></h6>
<h6 class="cvGsUA direction-ltr align-justify para-style-body"><span class="OYPEnA text-decoration-none text-strikethrough-none">TENEUR EN ALCOOL &#8211; TEMPÉRATURE ET MODE DE SERVICE</span></h6>
<h6 class="cvGsUA direction-ltr align-justify para-style-body"><span class="OYPEnA text-decoration-none text-strikethrough-none">Vol : Température : 17°-18° Déboucher quelques heures avant consommation mais ne pas décanter</span></h6>
<h6 class="cvGsUA direction-ltr align-justify para-style-body"><span class="OYPEnA text-decoration-none text-strikethrough-none">ADDITIFS/ALLERGÈNES</span></h6>
<h6 class="cvGsUA direction-ltr align-justify para-style-body"><span class="OYPEnA text-decoration-none text-strikethrough-none">Contient des sulfites</span></h6>
<p><a href="https://lovebiowines.com/wp-content/uploads/2024/03/I-Vini-di-Villa-Sardini_LOVEBIOWINES.pdf">Les Fiches Techniques des Vins de la Villa Sardini en PDF</a></p>

<p><img loading="lazy" decoding="async" class="alignnone size-full wp-image-53" src="https://lovebiowines.com/wp-content/uploads/2023/07/fascia-italia-1-300x20-1.png" alt="Produits Made in Italy" width="300" height="20"></p>
<h5>Vin non certifié bio &#8211; L&rsquo;entreprise est certifiée bio depuis le millésime 2021</h5>
<h5><span class="markedContent"><span dir="ltr" role="presentation">100% Cabernet Franc</span></span></h5>
<h6 class="cvGsUA direction-ltr align-justify para-style-body"><a href="/?p=908">Découvrez tous les vins de la Villa Sardini</a></h6>
